{"id":742,"date":"2023-08-30T11:20:29","date_gmt":"2023-08-30T16:50:29","guid":{"rendered":"https:\/\/maxecol.com.co\/inicio\/?post_type=product&#038;p=742"},"modified":"2026-05-08T15:49:59","modified_gmt":"2026-05-08T21:19:59","slug":"maxell-disco-solido-256gb-ssdp-256-3-1-portable-externo","status":"publish","type":"product","link":"https:\/\/maxecol.com.co\/inicio\/?product=maxell-disco-solido-256gb-ssdp-256-3-1-portable-externo","title":{"rendered":"Disco Solido Maxell 256GB SSDP-512? 3.1 portable externo"},"content":{"rendered":"<h5>MAXELL DISCO SOLIDO 256GB SSDP-256 3.1 PORTABLE EXTERNO<\/h5>\n","protected":false},"excerpt":{"rendered":"<p>Maxell presenta los nuevos discos port\u00e1tiles SSD con memorias<br \/>\nde estado s\u00f3lido la soluci\u00f3n ideal para almacenar informaci\u00f3n<br \/>\nde forma r\u00e1pida y confiable. Los mismos cuentan con puerto<br \/>\nUSB C 3.1 de 10GB por segundo compatibles con Windows<br \/>\nXP\/Vista\/Windows 7\/Windows 8\/Mac OS X 10.8, capacidades<br \/>\nde: 120GB, 240GB, 480GB y 1 TB 64GB\/128GB\/256GB.<br \/>\nTama\u00f1o compacto: (85.5x 46.5x 10.5mm.) Posibilidad de<br \/>\narrancar el sistema operativo como disco extra\u00edble. Plug and<br \/>\nplay en Windows 8 o superior y en Mac 10.8<\/p>\n","protected":false},"featured_media":812,"comment_status":"open","ping_status":"closed","template":"","meta":{"neve_meta_sidebar":"","neve_meta_container":"","neve_meta_enable_content_width":"off","neve_meta_content_width":100,"neve_meta_title_alignment":"","neve_meta_author_avatar":"","neve_post_elements_order":"","neve_meta_disable_header":"","neve_meta_disable_footer":"","neve_meta_disable_title":"","neve_meta_reading_time":"","_themeisle_gutenberg_block_has_review":false,"_ti_tpc_template_sync":false,"_ti_tpc_template_id":""},"product_cat":[37,38],"product_tag":[],"class_list":{"0":"post-742","1":"product","2":"type-product","3":"status-publish","4":"has-post-thumbnail","6":"product_cat-almacenamiento","7":"product_cat-usb","8":"pa_marca-maxell","10":"first","11":"outofstock","12":"taxable","13":"shipping-taxable","14":"purchasable","15":"product-type-simple"},"_links":{"self":[{"href":"https:\/\/maxecol.com.co\/inicio\/index.php?rest_route=\/wp\/v2\/product\/742"}],"collection":[{"href":"https:\/\/maxecol.com.co\/inicio\/index.php?rest_route=\/wp\/v2\/product"}],"about":[{"href":"https:\/\/maxecol.com.co\/inicio\/index.php?rest_route=\/wp\/v2\/types\/product"}],"replies":[{"embeddable":true,"href":"https:\/\/maxecol.com.co\/inicio\/index.php?rest_route=%2Fwp%2Fv2%2Fcomments&post=742"}],"wp:featuredmedia":[{"embeddable":true,"href":"https:\/\/maxecol.com.co\/inicio\/index.php?rest_route=\/wp\/v2\/media\/812"}],"wp:attachment":[{"href":"https:\/\/maxecol.com.co\/inicio\/index.php?rest_route=%2Fwp%2Fv2%2Fmedia&parent=742"}],"wp:term":[{"taxonomy":"product_cat","embeddable":true,"href":"https:\/\/maxecol.com.co\/inicio\/index.php?rest_route=%2Fwp%2Fv2%2Fproduct_cat&post=742"},{"taxonomy":"product_tag","embeddable":true,"href":"https:\/\/maxecol.com.co\/inicio\/index.php?rest_route=%2Fwp%2Fv2%2Fproduct_tag&post=742"}],"curies":[{"name":"wp","href":"https:\/\/api.w.org\/{rel}","templated":true}]}}